{"id":210,"date":"2021-06-01T12:24:44","date_gmt":"2021-06-01T12:24:44","guid":{"rendered":"http:\/\/www.cemteixonera.com\/?page_id=210"},"modified":"2021-06-02T13:06:25","modified_gmt":"2021-06-02T13:06:25","slug":"futbol","status":"publish","type":"page","link":"http:\/\/www.cemteixonera.com\/index.php\/futbol\/","title":{"rendered":"Futbol"},"content":{"rendered":"\n<figure class=\"wp-block-image size-large\"><img loading=\"lazy\" decoding=\"async\" width=\"1000\" height=\"501\" src=\"http:\/\/www.cemteixonera.com\/wp-content\/uploads\/2021\/06\/Damm.jpg\" alt=\"\" class=\"wp-image-253\" srcset=\"http:\/\/www.cemteixonera.com\/wp-content\/uploads\/2021\/06\/Damm.jpg 1000w, http:\/\/www.cemteixonera.com\/wp-content\/uploads\/2021\/06\/Damm-300x150.jpg 300w, http:\/\/www.cemteixonera.com\/wp-content\/uploads\/2021\/06\/Damm-768x385.jpg 768w\" sizes=\"auto, (max-width: 1000px) 100vw, 1000px\" \/><\/figure>\n\n\n\n<p>El futbol, \u200b\u200bprimer esport a Catalunya, tamb\u00e9 \u00e9s el que m\u00e9s es practica al <strong>CEM Teixonera<\/strong>. S\u00f3n moltes les entitats que s&#8217;entrenen i\/o juguen de forma habitual en aquestes instal\u00b7lacions: <a href=\"https:\/\/www.cfdamm.cat\/es\"><strong>Damm<\/strong><\/a>, <a href=\"https:\/\/h8s-barcelona.es\/\"><strong>H8S<\/strong><\/a>, <a href=\"https:\/\/namasports.net\/\"><strong>Nama<\/strong><\/a> <a href=\"https:\/\/namasports.net\/\"><strong>Sports<\/strong><\/a>, <a href=\"https:\/\/www.premierbarcelona.cat\/\"><strong>Premier Barcelona<\/strong><\/a>, <a href=\"https:\/\/www.cpsarria.cat\/\"><strong>CP Sarri\u00e0<\/strong><\/a>, <strong><a href=\"http:\/\/www.gpemanigua.com\/\">Gran Penya Espanyolista Manigua<\/a><\/strong>\u2026<\/p>\n\n\n\n<p>Aquests clubs utilitzen els dos camps de <strong>Futbol 11<\/strong> o les noves pistes de <strong>Futbol 7<\/strong> disponibles al centre, totes amb una gespa renovada recentment per permetre una pr\u00e0ctica esportiva no nom\u00e9s de primer nivell, sin\u00f3 tamb\u00e9 segura.<\/p>\n\n\n\n<p>Tant durant la setmana com el cap de setmana, s&#8217;alternen en la instal\u00b7laci\u00f3 equips de qualsevol franja d&#8217;edat, des de les <strong>Promeses<\/strong> fins <strong>Veterans<\/strong>. Una de les prioritats de la gesti\u00f3 de la <strong>Fundaci\u00f3 Marcet<\/strong> \u00e9s precisament incloure el major nombre de categories per democratitzar el futbol i fer que sigui accessible a diferents col\u00b7lectius. Per aix\u00f2, les entitats amb equips femenins gaudeixen de descomptes sobre les tarifes normals.<\/p>\n\n\n\n<figure class=\"wp-block-image size-large\"><img loading=\"lazy\" decoding=\"async\" width=\"1024\" height=\"1024\" src=\"http:\/\/www.cemteixonera.com\/wp-content\/uploads\/2021\/06\/teixonera-5b-1024x1024.jpg\" alt=\"\" class=\"wp-image-254\" srcset=\"http:\/\/www.cemteixonera.com\/wp-content\/uploads\/2021\/06\/teixonera-5b-1024x1024.jpg 1024w, http:\/\/www.cemteixonera.com\/wp-content\/uploads\/2021\/06\/teixonera-5b-300x300.jpg 300w, http:\/\/www.cemteixonera.com\/wp-content\/uploads\/2021\/06\/teixonera-5b-150x150.jpg 150w, http:\/\/www.cemteixonera.com\/wp-content\/uploads\/2021\/06\/teixonera-5b-768x768.jpg 768w, http:\/\/www.cemteixonera.com\/wp-content\/uploads\/2021\/06\/teixonera-5b-1536x1536.jpg 1536w, http:\/\/www.cemteixonera.com\/wp-content\/uploads\/2021\/06\/teixonera-5b-2048x2048.jpg 2048w\" sizes=\"auto, (max-width: 1024px) 100vw, 1024px\" \/><\/figure>\n\n\n\n<p>Parlant d&#8217;inclusi\u00f3, al marge de les entitats que competeixen en les lligues federades catalanes, tambi\u00e9 hi ha altres institucions que tenen un acc\u00e9s regular a les pistes de futbol, \u200b\u200bcom <a href=\"http:\/\/www.federacioacell.org\/pagina.php?pagina=Historia\"><strong>ACELL<\/strong><\/a>, l&#8217;<a href=\"http:\/\/www.ferrantallada.cat\/qui-som\"><strong>Institut Ferran Tallada<\/strong><\/a> i la <a href=\"https:\/\/www.fundacionadsis.org\/ca\"><strong>Fundaci\u00f3 Adsis<\/strong><\/a>. El primer \u00e9s una entitat sense afany de lucre que te com a objectiu principal millorar la calidad de vida de les persones amb discapacitat intel\u00b7lectual. L&#8217;Institut Ferran \u00e9s un centre d&#8217;educaci\u00f3 secund\u00e0ria que permet als alumnes compaginar a els estudis i las seves carreres esportives. La Fundaci\u00f3 Adsis \u00e9s una altra entitat sense afany de lucre que, des de fa m\u00e9s de 50 anys, treballa per brindar oportunitats a persones que \u00e9s troben en situacions de vulnerabilitat.<\/p>\n","protected":false},"excerpt":{"rendered":"<p>El futbol, \u200b\u200bprimer esport a Catalunya, tamb\u00e9 \u00e9s el que m\u00e9s es practica al CEM Teixonera. S\u00f3n moltes les entitats que s&#8217;entrenen i\/o juguen de forma habitual en aquestes instal\u00b7lacions: Damm, H8S, Nama Sports, Premier Barcelona, CP Sarri\u00e0, Gran Penya Espanyolista Manigua\u2026 Aquests clubs utilitzen els dos camps de Futbol 11 o les noves pistes &hellip;<\/p>\n<p class=\"read-more\"> <a class=\"\" href=\"http:\/\/www.cemteixonera.com\/index.php\/futbol\/\"> <span class=\"screen-reader-text\">Futbol<\/span> Leer m\u00e1s &raquo;<\/a><\/p>\n","protected":false},"author":1,"featured_media":0,"parent":0,"menu_order":0,"comment_status":"closed","ping_status":"closed","template":"","meta":{"footnotes":""},"class_list":["post-210","page","type-page","status-publish","hentry"],"_links":{"self":[{"href":"http:\/\/www.cemteixonera.com\/index.php\/wp-json\/wp\/v2\/pages\/210","targetHints":{"allow":["GET"]}}],"collection":[{"href":"http:\/\/www.cemteixonera.com\/index.php\/wp-json\/wp\/v2\/pages"}],"about":[{"href":"http:\/\/www.cemteixonera.com\/index.php\/wp-json\/wp\/v2\/types\/page"}],"author":[{"embeddable":true,"href":"http:\/\/www.cemteixonera.com\/index.php\/wp-json\/wp\/v2\/users\/1"}],"replies":[{"embeddable":true,"href":"http:\/\/www.cemteixonera.com\/index.php\/wp-json\/wp\/v2\/comments?post=210"}],"version-history":[{"count":2,"href":"http:\/\/www.cemteixonera.com\/index.php\/wp-json\/wp\/v2\/pages\/210\/revisions"}],"predecessor-version":[{"id":255,"href":"http:\/\/www.cemteixonera.com\/index.php\/wp-json\/wp\/v2\/pages\/210\/revisions\/255"}],"wp:attachment":[{"href":"http:\/\/www.cemteixonera.com\/index.php\/wp-json\/wp\/v2\/media?parent=210"}],"curies":[{"name":"wp","href":"https:\/\/api.w.org\/{rel}","templated":true}]}}

<figure class="wp-block-image size-large"><img loading="lazy" decoding="async" width="1000" height="501" src="http://www.cemteixonera.com/wp-content/uploads/2021/06/Damm.jpg" alt="" class="wp-image-253" srcset="http://www.cemteixonera.com/wp-content/uploads/2021/06/Damm.jpg 1000w, http://www.cemteixonera.com/wp-content/uploads/2021/06/Damm-300x150.jpg 300w, http://www.cemteixonera.com/wp-content/uploads/2021/06/Damm-768x385.jpg 768w" sizes="auto, (max-width: 1000px) 100vw, 1000px" /></figure>



<p>El futbol, ​​primer esport a Catalunya, també és el que més es practica al <strong>CEM Teixonera</strong>. Són moltes les entitats que s&#8217;entrenen i/o juguen de forma habitual en aquestes instal·lacions: <a href="https://www.cfdamm.cat/es"><strong>Damm</strong></a>, <a href="https://h8s-barcelona.es/"><strong>H8S</strong></a>, <a href="https://namasports.net/"><strong>Nama</strong></a> <a href="https://namasports.net/"><strong>Sports</strong></a>, <a href="https://www.premierbarcelona.cat/"><strong>Premier Barcelona</strong></a>, <a href="https://www.cpsarria.cat/"><strong>CP Sarrià</strong></a>, <strong><a href="http://www.gpemanigua.com/">Gran Penya Espanyolista Manigua</a></strong>…</p>



<p>Aquests clubs utilitzen els dos camps de <strong>Futbol 11</strong> o les noves pistes de <strong>Futbol 7</strong> disponibles al centre, totes amb una gespa renovada recentment per permetre una pràctica esportiva no només de primer nivell, sinó també segura.</p>



<p>Tant durant la setmana com el cap de setmana, s&#8217;alternen en la instal·lació equips de qualsevol franja d&#8217;edat, des de les <strong>Promeses</strong> fins <strong>Veterans</strong>. Una de les prioritats de la gestió de la <strong>Fundació Marcet</strong> és precisament incloure el major nombre de categories per democratitzar el futbol i fer que sigui accessible a diferents col·lectius. Per això, les entitats amb equips femenins gaudeixen de descomptes sobre les tarifes normals.</p>



<figure class="wp-block-image size-large"><img loading="lazy" decoding="async" width="1024" height="1024" src="http://www.cemteixonera.com/wp-content/uploads/2021/06/teixonera-5b-1024x1024.jpg" alt="" class="wp-image-254" srcset="http://www.cemteixonera.com/wp-content/uploads/2021/06/teixonera-5b-1024x1024.jpg 1024w, http://www.cemteixonera.com/wp-content/uploads/2021/06/teixonera-5b-300x300.jpg 300w, http://www.cemteixonera.com/wp-content/uploads/2021/06/teixonera-5b-150x150.jpg 150w, http://www.cemteixonera.com/wp-content/uploads/2021/06/teixonera-5b-768x768.jpg 768w, http://www.cemteixonera.com/wp-content/uploads/2021/06/teixonera-5b-1536x1536.jpg 1536w, http://www.cemteixonera.com/wp-content/uploads/2021/06/teixonera-5b-2048x2048.jpg 2048w" sizes="auto, (max-width: 1024px) 100vw, 1024px" /></figure>



<p>Parlant d&#8217;inclusió, al marge de les entitats que competeixen en les lligues federades catalanes, tambié hi ha altres institucions que tenen un accés regular a les pistes de futbol, ​​com <a href="http://www.federacioacell.org/pagina.php?pagina=Historia"><strong>ACELL</strong></a>, l&#8217;<a href="http://www.ferrantallada.cat/qui-som"><strong>Institut Ferran Tallada</strong></a> i la <a href="https://www.fundacionadsis.org/ca"><strong>Fundació Adsis</strong></a>. El primer és una entitat sense afany de lucre que te com a objectiu principal millorar la calidad de vida de les persones amb discapacitat intel·lectual. L&#8217;Institut Ferran és un centre d&#8217;educació secundària que permet als alumnes compaginar a els estudis i las seves carreres esportives. La Fundació Adsis és una altra entitat sense afany de lucre que, des de fa més de 50 anys, treballa per brindar oportunitats a persones que és troben en situacions de vulnerabilitat.</p>

<p>El futbol, ​​primer esport a Catalunya, també és el que més es practica al CEM Teixonera. Són moltes les entitats que s&#8217;entrenen i/o juguen de forma habitual en aquestes instal·lacions: Damm, H8S, Nama Sports, Premier Barcelona, CP Sarrià, Gran Penya Espanyolista Manigua… Aquests clubs utilitzen els dos camps de Futbol 11 o les noves pistes &hellip;</p>
<p class="read-more"> <a class="" href="http://www.cemteixonera.com/index.php/futbol/"> <span class="screen-reader-text">Futbol</span> Leer más &raquo;</a></p>
