{"id":214,"date":"2021-06-01T12:30:34","date_gmt":"2021-06-01T12:30:34","guid":{"rendered":"http:\/\/www.cemteixonera.com\/?page_id=214"},"modified":"2021-06-02T08:19:58","modified_gmt":"2021-06-02T08:19:58","slug":"campus-olimpia","status":"publish","type":"page","link":"http:\/\/www.cemteixonera.com\/index.php\/campus-olimpia\/","title":{"rendered":"Campus Ol\u00edmpia"},"content":{"rendered":"\n<figure class=\"wp-block-image size-large\"><img loading=\"lazy\" decoding=\"async\" width=\"1000\" height=\"700\" src=\"http:\/\/www.cemteixonera.com\/wp-content\/uploads\/2021\/06\/OLIMPIA-1.jpg\" alt=\"\" class=\"wp-image-241\" srcset=\"http:\/\/www.cemteixonera.com\/wp-content\/uploads\/2021\/06\/OLIMPIA-1.jpg 1000w, http:\/\/www.cemteixonera.com\/wp-content\/uploads\/2021\/06\/OLIMPIA-1-300x210.jpg 300w, http:\/\/www.cemteixonera.com\/wp-content\/uploads\/2021\/06\/OLIMPIA-1-768x538.jpg 768w\" sizes=\"auto, (max-width: 1000px) 100vw, 1000px\" \/><\/figure>\n\n\n\n<p>Des de fa m\u00e9s de dues d\u00e8cades, l\u2019Ajuntament de Barcelona ofereix durant el per\u00edode d\u2019estiu una completa i variada oferta d\u2019activitats d\u2019educaci\u00f3 en el lleure a trav\u00e9s de la promoci\u00f3 esportiva i l\u2019activitat l\u00fadica i sociocultural.<\/p>\n\n\n\n<p>Els destinataris principals de l\u2019oferta de la Campanya Vacances d\u2019Estiu s\u00f3n els&nbsp;<strong>nens i les nenes d\u20191 a 17 anys que viuen a la ciutat de Barcelona,<\/strong>&nbsp;que tenen a l\u2019abast una oferta \u00e0mplia i variada d\u2019activitats educatives i engrescadores per gaudir al m\u00e0xim del per\u00edode de vacances.<\/p>\n\n\n\n<p>I entre totes elles hi destaca especialment l\u2019oferta esportiva, amb molt de pes dins del programa, i que es concreta amb el&nbsp;<strong>Campus Ol\u00edmpia i els Casals Esportius<\/strong>.<\/p>\n\n\n\n<p>El&nbsp;<strong>Campus Ol\u00edmpia<\/strong>&nbsp;ofereix esport i diversi\u00f3 per a infants de totes les edats i condicions, i en funci\u00f3 dels seus interessos.<\/p>\n\n\n\n<p>D\u2019aquesta manera, inclou un programa per joves, de 14 a 17 anys, un altre per infants de 3 a 6 anys, i activitats esportives relacionades amb la naturalesa, d\u2019esports combinats o d\u2019activitats espec\u00edfiques de pr\u00e0ctica d\u2019un esport preferent, combinat amb altres esports complementaris i que estan enfocats a nens i nenes d\u2019entre 6 i 16 anys. Al <strong>CEM Teixonera<\/strong> els nens podran optar per un campus poliesportiu o per campus espec\u00edfics de futbol, rugbi o p\u00e0del.<\/p>\n\n\n\n<figure class=\"wp-block-image size-large\"><img loading=\"lazy\" decoding=\"async\" width=\"1000\" height=\"700\" src=\"http:\/\/www.cemteixonera.com\/wp-content\/uploads\/2021\/06\/Oli4-1.jpg\" alt=\"\" class=\"wp-image-243\" srcset=\"http:\/\/www.cemteixonera.com\/wp-content\/uploads\/2021\/06\/Oli4-1.jpg 1000w, http:\/\/www.cemteixonera.com\/wp-content\/uploads\/2021\/06\/Oli4-1-300x210.jpg 300w, http:\/\/www.cemteixonera.com\/wp-content\/uploads\/2021\/06\/Oli4-1-768x538.jpg 768w\" sizes=\"auto, (max-width: 1000px) 100vw, 1000px\" \/><\/figure>\n\n\n\n<p>Finalment, cal destacar els&nbsp;<strong>Casals Esportius<\/strong>, destinats a nens i nenes de 3 a 14 anys, que completen l\u2019oferta esportiva del programa i que principalment es desenvolupen en centres educatius i entitats esportives de la ciutat.<\/p>\n\n\n\n<p>L\u2019\u00e8xit del Campus Ol\u00edmpia \u00e9s tal que des de fa anys en aquelles instal\u00b7lacions esportives (espais en qu\u00e8 es desenvolupa principalment el programa) on es preveu molta demanda realitza un sorteig previ per determinar-ne l\u2019ordre d\u2019inscripci\u00f3.<\/p>\n","protected":false},"excerpt":{"rendered":"<p>Des de fa m\u00e9s de dues d\u00e8cades, l\u2019Ajuntament de Barcelona ofereix durant el per\u00edode d\u2019estiu una completa i variada oferta d\u2019activitats d\u2019educaci\u00f3 en el lleure a trav\u00e9s de la promoci\u00f3 esportiva i l\u2019activitat l\u00fadica i sociocultural. Els destinataris principals de l\u2019oferta de la Campanya Vacances d\u2019Estiu s\u00f3n els&nbsp;nens i les nenes d\u20191 a 17 anys &hellip;<\/p>\n<p class=\"read-more\"> <a class=\"\" href=\"http:\/\/www.cemteixonera.com\/index.php\/campus-olimpia\/\"> <span class=\"screen-reader-text\">Campus Ol\u00edmpia<\/span> Leer m\u00e1s &raquo;<\/a><\/p>\n","protected":false},"author":1,"featured_media":0,"parent":0,"menu_order":0,"comment_status":"closed","ping_status":"closed","template":"","meta":{"footnotes":""},"class_list":["post-214","page","type-page","status-publish","hentry"],"_links":{"self":[{"href":"http:\/\/www.cemteixonera.com\/index.php\/wp-json\/wp\/v2\/pages\/214","targetHints":{"allow":["GET"]}}],"collection":[{"href":"http:\/\/www.cemteixonera.com\/index.php\/wp-json\/wp\/v2\/pages"}],"about":[{"href":"http:\/\/www.cemteixonera.com\/index.php\/wp-json\/wp\/v2\/types\/page"}],"author":[{"embeddable":true,"href":"http:\/\/www.cemteixonera.com\/index.php\/wp-json\/wp\/v2\/users\/1"}],"replies":[{"embeddable":true,"href":"http:\/\/www.cemteixonera.com\/index.php\/wp-json\/wp\/v2\/comments?post=214"}],"version-history":[{"count":2,"href":"http:\/\/www.cemteixonera.com\/index.php\/wp-json\/wp\/v2\/pages\/214\/revisions"}],"predecessor-version":[{"id":244,"href":"http:\/\/www.cemteixonera.com\/index.php\/wp-json\/wp\/v2\/pages\/214\/revisions\/244"}],"wp:attachment":[{"href":"http:\/\/www.cemteixonera.com\/index.php\/wp-json\/wp\/v2\/media?parent=214"}],"curies":[{"name":"wp","href":"https:\/\/api.w.org\/{rel}","templated":true}]}}

Campus Olímpia

<figure class="wp-block-image size-large"><img loading="lazy" decoding="async" width="1000" height="700" src="http://www.cemteixonera.com/wp-content/uploads/2021/06/OLIMPIA-1.jpg" alt="" class="wp-image-241" srcset="http://www.cemteixonera.com/wp-content/uploads/2021/06/OLIMPIA-1.jpg 1000w, http://www.cemteixonera.com/wp-content/uploads/2021/06/OLIMPIA-1-300x210.jpg 300w, http://www.cemteixonera.com/wp-content/uploads/2021/06/OLIMPIA-1-768x538.jpg 768w" sizes="auto, (max-width: 1000px) 100vw, 1000px" /></figure>



<p>Des de fa més de dues dècades, l’Ajuntament de Barcelona ofereix durant el període d’estiu una completa i variada oferta d’activitats d’educació en el lleure a través de la promoció esportiva i l’activitat lúdica i sociocultural.</p>



<p>Els destinataris principals de l’oferta de la Campanya Vacances d’Estiu són els&nbsp;<strong>nens i les nenes d’1 a 17 anys que viuen a la ciutat de Barcelona,</strong>&nbsp;que tenen a l’abast una oferta àmplia i variada d’activitats educatives i engrescadores per gaudir al màxim del període de vacances.</p>



<p>I entre totes elles hi destaca especialment l’oferta esportiva, amb molt de pes dins del programa, i que es concreta amb el&nbsp;<strong>Campus Olímpia i els Casals Esportius</strong>.</p>



<p>El&nbsp;<strong>Campus Olímpia</strong>&nbsp;ofereix esport i diversió per a infants de totes les edats i condicions, i en funció dels seus interessos.</p>



<p>D’aquesta manera, inclou un programa per joves, de 14 a 17 anys, un altre per infants de 3 a 6 anys, i activitats esportives relacionades amb la naturalesa, d’esports combinats o d’activitats específiques de pràctica d’un esport preferent, combinat amb altres esports complementaris i que estan enfocats a nens i nenes d’entre 6 i 16 anys. Al <strong>CEM Teixonera</strong> els nens podran optar per un campus poliesportiu o per campus específics de futbol, rugbi o pàdel.</p>



<figure class="wp-block-image size-large"><img loading="lazy" decoding="async" width="1000" height="700" src="http://www.cemteixonera.com/wp-content/uploads/2021/06/Oli4-1.jpg" alt="" class="wp-image-243" srcset="http://www.cemteixonera.com/wp-content/uploads/2021/06/Oli4-1.jpg 1000w, http://www.cemteixonera.com/wp-content/uploads/2021/06/Oli4-1-300x210.jpg 300w, http://www.cemteixonera.com/wp-content/uploads/2021/06/Oli4-1-768x538.jpg 768w" sizes="auto, (max-width: 1000px) 100vw, 1000px" /></figure>



<p>Finalment, cal destacar els&nbsp;<strong>Casals Esportius</strong>, destinats a nens i nenes de 3 a 14 anys, que completen l’oferta esportiva del programa i que principalment es desenvolupen en centres educatius i entitats esportives de la ciutat.</p>



<p>L’èxit del Campus Olímpia és tal que des de fa anys en aquelles instal·lacions esportives (espais en què es desenvolupa principalment el programa) on es preveu molta demanda realitza un sorteig previ per determinar-ne l’ordre d’inscripció.</p>

<p>Des de fa més de dues dècades, l’Ajuntament de Barcelona ofereix durant el període d’estiu una completa i variada oferta d’activitats d’educació en el lleure a través de la promoció esportiva i l’activitat lúdica i sociocultural. Els destinataris principals de l’oferta de la Campanya Vacances d’Estiu són els&nbsp;nens i les nenes d’1 a 17 anys &hellip;</p>
<p class="read-more"> <a class="" href="http://www.cemteixonera.com/index.php/campus-olimpia/"> <span class="screen-reader-text">Campus Olímpia</span> Leer más &raquo;</a></p>
